05?
0
What is the units digit of 17306?
6
What is the hundreds digit of 43745?
7
What is the units digit of 2672?
2
What is the thousands digit of 3719?
3
What is the thousands digit of 32502?
2
What is the units digit of 188?
8
What is the tens digit of 286?
8
What is the thousands digit of 97374?
7
What is the ten thousands digit of 96953?
9
What is the thousands digit of 4420?
4
What is the ten thousands digit of 65219?
6
What is the tens digit of 3136?
3
What is the hundreds digit of 573?
5
What is the thousands digit of 1486?
1
What is the thousands digit of 2163?
2
What is the hundreds digit of 47341?
3
What is the units digit of 96484?
4
What is the thousands digit of 30864?
0
What is the units digit of 14632?
2
What is the units digit of 73420?
0
What is the hundreds digit of 374?
3
What is the tens digit of 595?
9
What is the units digit of 1974?
4
What is the thousands digit of 4816?
4
What is the hundreds digit of 1209?
2
What is the tens digit of 587?
8
What is the thousands digit of 4567?
4
What is the units digit of 1857?
7
What is the hundreds digit of 878?
8
What is the tens digit of 710?
1
What is the units digit of 4965?
5
What is the units digit of 1089?
9
What is the thousands digit of 21972?
1
What is the hundreds digit of 28377?
3
What is the hundreds digit of 814?
8
What is the thousands digit of 40151?
0
What is the thousands digit of 3157?
3
What is the ten thousands digit of 48185?
4
What is the tens digit of 1567?
6
What is the units digit of 3607?
7
What is the thousands digit of 2097?
2
What is the hundreds digit of 3707?
7
What is the tens digit of 4114?
1
What is the thousands digit of 1248?
1
What is the units digit of 238?
8
What is the units digit of 1806?
6
What is the tens digit of 63130?
3
What is the thousands digit of 14815?
4
What is the thousands digit of 3498?
3
What is the tens digit of 3839?
3
What is the tens digit of 976?
7
What is the hundreds digit of 1356?
3
What is the thousands digit of 13069?
3
What is the ten thousands digit of 10779?
1
What is the hundreds digit of 1291?
2
What is the thousands digit of 7297?
7
What is the units digit of 971?
1
What is the tens digit of 2123?
2
What is the ten thousands digit of 28528?
2
What is the hundreds digit of 2287?
2
What is the units digit of 3834?
4
What is the units digit of 52311?
1
What is the hundreds digit of 549?
5
What is the tens digit of 3607?
0
What is the thousands digit of 48542?
8
What is the hundreds digit of 4247?
2
What is the thousands digit of 6069?
6
What is the hundreds digit of 3107?
1
What is the tens digit of 471?
7
What is the units digit of 92?
2
What is the tens digit of 8889?
8
What is the ten thousands digit of 61575?
6
What is the tens digit of 36?
3
What is the thousands digit of 4283?
4
What is the thousands digit of 1984?
1
What is the units digit of 24926?
6
What is the hundreds digit of 56350?
3
What is the tens digit of 369?
6
What is the thousands digit of 12064?
2
What is the hundreds digit of 326?
3
What is the tens digit of 80176?
7
What is the units digit of 258?
8
What is the units digit of 10985?
5
What is the hundreds digit of 1609?
6
What is the ten thousands digit of 54705?
5
What is the tens digit of 88003?
0
What is the ten thousands digit of 94733?
9
What is the tens digit of 340?
4
What is the units digit of 28?
8
What is the ten thousands digit of 50866?
5
What is the tens digit of 314?
1
What is the units digit of 10582?
2
What is the tens digit of 2306?
0
What is the units digit of 2347?
7
What is the ten thousands digit of 33451?
3
What is the ten thousands digit of 63570?
6
What is the tens digit of 122?
2
What is the units digit of 13116?
6
What is the thousands digit of 84265?
4
What is the thousands digit of 3472?
3
What is the thousands digit of 8308?
8
What is the units digit of 6555?
5
What is the units digit of 40458?
8
What is the thousands digit of 3120?
3
What is the units digit of 4017?
7
What is the thousands digit of 5650?
5
What is the hundreds digit of 466?
4
What is the hundreds digit of 4731?
7
What is the tens digit of 35046?
4
What is the thousands digit of 2286?
2
What is the tens digit of 27587?
8
What is the hundreds digit of 114860?
8
What is the hundreds digit of 930?
9
What is the units digit of 125785?
5
What is the tens digit of 1362?
6
What is the tens digit of 27197?
9
What is the hundreds digit of 7475?
4
What is the thousands digit of 22284?
2
What is the units digit of 1495?
5
What is the tens digit of 44?
4
What is the tens digit of 54800?
0
What is the hundreds digit of 1677?
6
What is the hundreds digit of 18315?
3
What is the hundreds digit of 42931?
9
What is the tens digit of 9056?
5
What is the hundreds digit of 97858?
8
What is the units digit of 39932?
2
What is the units digit of 139?
9
What is the ten thousands digit of 27138?
2
What is the hundreds digit of 2455?
4
What is the units digit of 1311?
1
What is the units digit of 28350?
0
What is the hundreds digit of 6762?
7
What is the hundreds digit of 2379?
3
What is the hundreds digit of 702?
7
What is the thousands digit of 2710?
2
What is the tens digit of 5029?
2
What is the thousands digit of 14182?
4
What is the units digit of 17881?
1
What is the units digit of 1429?
9
What is the hundreds digit of 3160?
1
What is the tens digit of 719?
1
What is the ten thousands digit of 119997?
1
What is the tens digit of 76?
7
What is the ten thousands digit of 40577?
4
What is the thousands digit of 8644?
8
What is the units digit of 995?
5
What is the ten thousands digit of 60055?
6
What is the units digit of 5062?
2
What is the thousands digit of 86974?
6
What is the thousands digit of 2165?
2
What is the hundreds digit of 13404?
4
What is the hundreds digit of 1012?
0
What is the tens digit of 62111?
1
What is the thousands digit of 14762?
4
What is the tens digit of 717?
1
What is the ten thousands digit of 100455?
0
What is the tens digit of 555?
5
What is the hundreds digit of 3558?
5
What is the thousands digit of 60534?
0
What is the thousands digit of 52794?
2
What is the units digit of 84589?
9
What is the tens digit of 108823?
2
What is the hundreds digit of 32810?
8
What is the hundreds digit of 63436?
4
What is the units digit of 1511?
1
What is the hundreds digit of 591?
5
What is the hundreds digit of 396?
3
What is the units digit of 8047?
7
What is the hundreds digit of 596?
5
What is the tens digit of 2492?
9
What is the thousands digit of 2870?
2
What is the units digit of 76?
6
What is the tens digit of 140096?
9
What is the tens digit of 4647?
4
What is the units digit of 2843?
3
What is the tens digit of 55427?
2
What is the hundreds digit of 4461?
4
What is the tens digit of 2471?
7
What is the units digit of 794?
4
What is the units digit of 639?
9
What is the hundreds digit of 3079?
0
What is the units digit of 223?
3
What is the tens digit of 12327?
2
What is the hundreds digit of 17746?
7
What is the tens digit of 119?
1
What is the units digit of 23060?
0
What is the hundreds digit of 175?
1
What is the units digit of 10572?
2
What is the hundreds digit of 3533?
5
What is the tens digit of 7876?
7
What is the ten thousands digit of 44830?
4
What is the tens digit of 300?
0
What is the thousands digit of 1390?
1
What is the hundreds digit of 578?
5
What is the units digit of 5556?
6
What is the hundreds digit of 895?
8
What is the ten thousands digit of 13461?
1
What is the thousands digit of 5037?
5
What is the thousands digit of 29895?
9
What is the tens digit of 51704?
0
What is the units digit of 5218?
8
What is the units digit of 45634?
4
What is the tens digit of 1277?
7
What is the tens digit of 357?
5
What is the tens digit of 25970?
7
What is the tens digit of 1133?
3
What is the thousands digit of 38363?
8
What is the ten thousands digit of 95117?
9
What is the units digit of 46584?
4
What is the thousands digit of 76008?
6
What is the hundreds digit of 770?
7
What is the tens digit of 14641?
4
What is the tens digit of 11119?
1
What is the tens digit of 36955?
5
What is the thousands digit of 1145?
1
What is the hundreds digit of 446?
4
What is the thousands digit of 6575?
6
What is the thousands digit of 24666?
4
What is the tens digit of 7965?
6
What is the unit